2*x**2 - x + 1. Let l(f) = f**3 + 32*f**2 - f + 51. Let k(h) = -l(h) + 3*y(h). Let m be k(-26). What is the highest common factor of 100 and m?
4
Let f = 7980 - 7760. Calculate the greatest common divisor of 18260 and f.
220
Suppose 0 = -s + 4*s + 9. Let n be (-153)/(-2) + 14/4 + s. What is the highest common factor of 539 and n?
77
Suppose -4*h - 3696 = -0*h. Let v = h - -1397. Calculate the greatest common divisor of v and 43.
43
Let i be ((-2)/(-7) + (-2587)/(-182))*2. Suppose -i*c + 32*c - 378 = 0. What is the highest common factor of 63 and c?
63
Let u = 1 + 16. Let t(r) = 32*r - 25. Let h be t(u). Suppose 0*d + 3*d - h = 3*p, 5*d = 4*p + 860. Calculate the highest common factor of 24 and d.
24
Let b(y) = 3*y**3 - 3*y**2 + y + 1. Let q be b(1). Let r(p) = 87*p + 33. Let d be r(q). What is the greatest common divisor of d and 23?
23
Let g(s) = 3*s**3 - 4*s**2 + 3*s. Let z be g(3). Suppose 6*r + 74 = 422. Let p = -22 + r. Calculate the greatest common divisor of z and p.
18
Suppose -288*t = -559*t + 282*t - 443828. What is the greatest common factor of t and 154?
154
Let n(x) = 18*x**2. Let c be n(1). Suppose -5*q + 893 = 3*m - 0*m, -5*q - 562 = -2*m. Let g = m + -93. What is the greatest common divisor of g and c?
18
Let m = -251 + 266. Let n be m - (4 - 33/3). What is the greatest common divisor of 506 and n?
22
Let t be -16 + (-2 - -14) + 13. What is the highest common factor of 717 and t?
3
Let w(i) = 530*i - 24. Let n be w(3). What is the greatest common factor of 174 and n?
174
Suppose -12*w - 54 = -39*w. Suppose 169 = -4*z - 5*t, 3*t = 4*z + 84 + 77. Let k be (-1 + z)*w/18*-3. What is the greatest common divisor of k and 21?
7
Suppose -333*q + 616 = -322*q. Let p(i) = -i + 3. Let f be p(-6). Suppose -f*s + q = -s. Calculate the highest common factor of s and 49.
7
Let k = 626 + -623. Suppose 5*n - 125 + 28 = -k*m, 0 = 3*n - 2*m - 62. Calculate the highest common divisor of 100 and n.
20
Let a(y) = 8*y**2 - 3*y + 17. Let x(t) = -7*t**2 + 3*t - 16. Let k(v) = -6*a(v) - 7*x(v). Let g be k(6). Calculate the highest common divisor of 14 and g.
14
Let s(f) = f**2 - 2*f - 4. Let j be s(4). Let c be ((-58)/j)/(2/(-4)). Let z be (-7)/(-5 + -9)*14 - -225. What is the greatest common factor of z and c?
29
Suppose 4*q = -40*q - 91 + 135. Let b be 6 - -1 - (-10)/5. Calculate the greatest common factor of b and q.
1
Let y(f) = 39*f - 4. Let d be y(2). Let a = -70 + d. Let i be 151 - (a + 4 + -4). What is the greatest common factor of 49 and i?
49
Let l be ((-660)/99)/(-3 - (-28)/6 - 2). Calculate the greatest common factor of 68 and l.
4
Suppose 4*i - 2 = 2*p, 0 = -3*i - 10*p + 11*p. Let n be i/(-6)*-21*-8. What is the greatest common divisor of n and 532?
28
Suppose -36*z + 594 = -7506. What is the highest common factor of 801 and z?
9
Suppose -51*t - 218351 = -758135. Calculate the greatest common factor of t and 216.
216
Suppose -676*q + 876 = -603*q. Suppose 0*x - 7 = -x. Suppose q = 11*f - x*f. What is the greatest common divisor of f and 48?
3
Suppose -u + 9046 = x, -u = 5*x - 6444 - 2598. What is the greatest common divisor of u and 109?
109
Suppose 2*a = -3*a + 3*a. Suppose a = 8*r - 122 + 18. Calculate the greatest common divisor of r and 299.
13
Let b(v) = -3*v - 5 + 16*v + 6*v. Let q be b(5). Let x be 59 - (-1 - (-7 - -4 - -3)). What is the highest common divisor of q and x?
30
Let b be 1450*((-93)/(-15) - (7 - 2)). Calculate the greatest common divisor of b and 30.
30
Suppose 37516 = 144*s - 30020. What is the highest common factor of s and 2144?
67
Let x(h) = -h**2 - 8*h - 10. Let p be x(-3). Let r be (-13965)/(-21) + 2 + p. Calculate the greatest common factor of r and 96.
96
Let d = 229 + -209. Suppose 6*f - d*f + 1638 = 0. What is the highest common divisor of f and 78?
39
Let n = 600 + -354. Suppose 5*i - 4*o - 279 = n, 0 = -i + 5*o + 105. What is the greatest common divisor of i and 84?
21
Suppose -5*g = 4*w - 53, 3*g + 4*w - 26 = g. Suppose -33*c + 32*c = 8. Let r be (-4)/c*14 - -92. Calculate the greatest common divisor of r and g.
9
Let z = 26 - 49. Let p = z - -63. Suppose 2*o + 2*o = 400. Calculate the greatest common divisor of p and o.
20
Suppose 2553 + 1144 = 4*l + 3*n, 3*l = n + 2789. What is the highest common factor of 864 and l?
32
Suppose 0 = -12*k - 76*k - 6*k + 82156. Calculate the highest common factor of 114 and k.
38
Let i be (40/175*77)/((-4)/(-30)). What is the highest common divisor of i and 308?
44
Suppose 12*q = 6417 + 4317 - 2454. What is the highest common divisor of 240 and q?
30
Let s be -3*4/6 + (-7 - -3). Let l be 2/3*156 + 6 + s. What is the greatest common divisor of 13 and l?
13
Let s be (10/55)/((-94)/(-5170)) + 110. Let r be (-519)/(1 - 2) - -1. Calculate the highest common divisor of r and s.
40
Suppose -3*c + 59656 + 5984 = 4*h, 5*c - 16376 = -h. What is the greatest common divisor of h and 24?
24
Let d = -356 + 437. Let z(v) = -v**3 - 7*v**2 + 59*v + 6. Let f be z(-12). Calculate the greatest common divisor of d and f.
9
Let h be (1*14/35)/((-1)/(-50)). Suppose -26*b = -138*b + 11200. What is the highest common divisor of h and b?
20
Let d be ((-12)/10)/((-1)/5). Let n be ((-21)/(-18))/(104/1248). What is the highest common factor of n and d?
2
Let u be 70/4*((2 - -18) + -4). Suppose 16*r - 6*r = u. Suppose -36 - 76 = -q. What is the highest common divisor of q and r?
28
Let r(h) = 31*h**2 - 3*h + 5. Let b be r(4). Let d = b + -421. Calculate the highest common divisor of 578 and d.
34
Suppose 5121 = 4*n + 5*o - 6*o, -2*o = -4*n + 5122. Suppose 292*s - n = 284*s. What is the greatest common divisor of 32 and s?
32
Let a(m) = m**3 - 39*m**2 - 122*m - 6. Suppose 10*i + 19*i = 1218. Let s be a(i). Calculate the highest common factor of s and 270.
54
Suppose -3*c = i - 125, 162 = 4*c - 430*i + 429*i. Let q = -312 - -1009. What is the highest common divisor of c and q?
41
Let h be ((7 - 1) + -9)/(3/(-2116)). Calculate the greatest common divisor of h and 4.
4
Let b(f) = -f**2 + 93*f + 798. Let d be b(70). Calculate the highest common factor of 1008 and d.
56
Suppose -5*b + 2*c = -12802, -b - 2*b + 7679 = c. Calculate the greatest common factor of b and 40.
40
Suppose 0 = -129*u + 116*u + 1638. Suppose 3*q = 12 - 0. Let r be 8/(-6)*q/((-48)/u). Calculate the highest common factor of 182 and r.
14
Suppose -46714*y + 555264 = -46696*y. What is the greatest common divisor of y and 128?
128
Let d be -54*(19/2)/(-1). Let a = -3972 + 4029. Calculate the highest common factor of a and d.
57
Let i(k) = 1200*k - 3590. Let l be i(4). Calculate the greatest common factor of 80 and l.
10
Let v = 3198 + -172. Calculate the greatest common factor of 68 and v.
34
Suppose -2*a = -0*a + 78. Let r be (-30)/(a/168 - 2/14). Calculate the highest common factor of r and 100.
20
Suppose -3*v - 140 = -2*k - v, -2*v = -3*k + 214. Let g = 189 - k. Calculate the highest common factor of g and 46.
23
Suppose -79*a = -88*a + 18. Suppose q + 752 = 2*c - 450, a*c + 4*q = 1192. What is the highest common factor of 20 and c?
20
Let j be (-210)/98 - (-2)/14. Let u = j - -5. Calculate the greatest common factor of 33 and u.
3
Let u(h) = -62*h - 535. Let j be u(-9). What is the highest common divisor of j and 46736?
23
Suppose -r = -3*m + 5, 2*m = -0*m + 5*r + 12. Let n be (m - 0) + -3 + 33 + 1. Suppose -n*x = -28*x - 96. What is the greatest common factor of 32 and x?
8
Suppose 1743*n = -2*m + 1748*n + 655, 0 = m + 4*n - 295. Calculate the highest common divisor of 240 and m.
15
Let p = 938 + -500. Let w = 680 - p. What is the highest common divisor of 66 and w?
22
Let d be 491/(-1473) + (-6385)/(-3). Calculate the greatest common factor of d and 208.
16
Let k(h) = 1727*h**2 + 65*h + 67. Let p be k(-1). Calculate the highest common factor of 91 and p.
91
Let a be 8/((-112)/21)*(4 - -2). Let w(m) = m**3 + 8*m**2 - 24*m - 23. Let t be w(a). Calculate the greatest common divisor of t and 16.
16
Let s be 4*69*(-3 + 51/18). Let m = 150 + s. What is the greatest common factor of 8 and m?
8
Let h(g) = 9*g + 263. Let a be h(-23). Calculate the greatest common factor of 176 and a.
8
Let t(g) be the third derivative of -g**4/4 - 19*g**3/3 + 62*g**2. Let y be t(-7). What is the highest common divisor of y and 46?
2
Suppose -191 - 937 = 6*d